{"id":16,"date":"2025-11-18T20:04:59","date_gmt":"2025-11-18T20:04:59","guid":{"rendered":"https:\/\/nexoracapital.com.co\/?page_id=16"},"modified":"2026-02-09T17:06:58","modified_gmt":"2026-02-09T17:06:58","slug":"blog","status":"publish","type":"page","link":"https:\/\/nexoracapital.com.co\/?page_id=16","title":{"rendered":"QUIENES SOMOS"},"content":{"rendered":"\n<h2 class=\"wp-block-heading has-pale-cyan-blue-color has-text-color has-link-color wp-elements-aadef053728d8895e217cdf7d5bdf164\">Somos una sociedad de inversi\u00f3n y gesti\u00f3n de proyectos con enfoque multisectorial. Nuestro prop\u00f3sito es participar en negocios de alto impacto econ\u00f3mico a trav\u00e9s de inversiones estrat\u00e9gicas, comercializaci\u00f3n de combustibles y derivados, desarrollo inmobiliario, importaci\u00f3n de maquinaria y la ejecuci\u00f3n de infraestructura en sectores energ\u00e9ticos e industriales.<\/h2>\n\n\n\n<h2 class=\"wp-block-heading has-pale-cyan-blue-color has-text-color has-link-color wp-elements-7b6f9efe17cf355f7402f83389f87990\"><strong>Nuestra propuesta corporativa<\/strong><\/h2>\n\n\n\n<ul class=\"wp-block-list\">\n<li class=\"has-pale-cyan-blue-color has-text-color has-link-color wp-elements-6f5fc60f9712afb0b144fba7efb8fbb4\">Gesti\u00f3n integral en hidrocarburos, combustibles y gas natural<\/li>\n\n\n\n<li class=\"has-pale-cyan-blue-color has-text-color has-link-color wp-elements-8b95d8c8b22bb65e3dd24e81be5bfbc2\">Participaci\u00f3n en veh\u00edculos de inversi\u00f3n nacionales e internacionales<\/li>\n\n\n\n<li class=\"has-pale-cyan-blue-color has-text-color has-link-color wp-elements-7bb473f3b5a06d706cb3234ff2bcc85c\">Desarrollo de infraestructura energ\u00e9tica y log\u00edstica<\/li>\n\n\n\n<li class=\"has-pale-cyan-blue-color has-text-color has-link-color wp-elements-863341d3c140a28a8f215caaceab331a\">Promoci\u00f3n y comercializaci\u00f3n de proyectos inmobiliarios<\/li>\n\n\n\n<li class=\"has-pale-cyan-blue-color has-text-color has-link-color wp-elements-56ed3cda06e44b5d16061c173c14fde3\">Servicios de consultor\u00eda en finanzas, planificaci\u00f3n estrat\u00e9gica y estructuraci\u00f3n de negocios<\/li>\n<\/ul>\n\n\n\n<p><\/p>\n","protected":false},"excerpt":{"rendered":"<p>Somos una sociedad de inversi\u00f3n y gesti\u00f3n de proyectos con enfoque multisectorial. Nuestro prop\u00f3sito es participar en negocios de alto impacto econ\u00f3mico a trav\u00e9s de inversiones estrat\u00e9gicas, comercializaci\u00f3n de combustibles y derivados, desarrollo inmobiliario, importaci\u00f3n de maquinaria y la ejecuci\u00f3n de infraestructura en sectores energ\u00e9ticos e industriales. Nuestra propuesta corporativa<\/p>\n","protected":false},"author":1,"featured_media":0,"parent":0,"menu_order":0,"comment_status":"closed","ping_status":"closed","template":"","meta":{"footnotes":""},"class_list":["post-16","page","type-page","status-publish","hentry"],"yoast_head":"<!-- This site is optimized with the Yoast SEO plugin v26.9 - https:\/\/yoast.com\/product\/yoast-seo-wordpress\/ -->\n<title>QUIENES SOMOS - Nexora Capital<\/title>\n<meta name=\"description\" content=\"Descubre c\u00f3mo gestionamos proyectos en el sector de hidrocarburos con un enfoque estrat\u00e9gico y de alto impacto econ\u00f3mico.\" \/>\n<meta name=\"robots\" content=\"index, follow, max-snippet:-1, max-image-preview:large, max-video-preview:-1\" \/>\n<link rel=\"canonical\" href=\"https:\/\/nexoracapital.com.co\/?page_id=16\" \/>\n<meta property=\"og:locale\" content=\"es_ES\" \/>\n<meta property=\"og:type\" content=\"article\" \/>\n<meta property=\"og:title\" content=\"QUIENES SOMOS - Nexora Capital\" \/>\n<meta property=\"og:description\" content=\"Descubre c\u00f3mo gestionamos proyectos en el sector de hidrocarburos con un enfoque estrat\u00e9gico y de alto impacto econ\u00f3mico.\" \/>\n<meta property=\"og:url\" content=\"https:\/\/nexoracapital.com.co\/?page_id=16\" \/>\n<meta property=\"og:site_name\" content=\"Nexora Capital\" \/>\n<meta property=\"article:modified_time\" content=\"2026-02-09T17:06:58+00:00\" \/>\n<meta name=\"twitter:card\" content=\"summary_large_image\" \/>\n<meta name=\"twitter:label1\" content=\"Tiempo de lectura\" \/>\n\t<meta name=\"twitter:data1\" content=\"1 minuto\" \/>\n<script type=\"application\/ld+json\" class=\"yoast-schema-graph\">{\"@context\":\"https:\/\/schema.org\",\"@graph\":[{\"@type\":\"WebPage\",\"@id\":\"https:\/\/nexoracapital.com.co\/?page_id=16\",\"url\":\"https:\/\/nexoracapital.com.co\/?page_id=16\",\"name\":\"QUIENES SOMOS - Nexora Capital\",\"isPartOf\":{\"@id\":\"https:\/\/nexoracapital.com.co\/#website\"},\"datePublished\":\"2025-11-18T20:04:59+00:00\",\"dateModified\":\"2026-02-09T17:06:58+00:00\",\"description\":\"Descubre c\u00f3mo gestionamos proyectos en el sector de hidrocarburos con un enfoque estrat\u00e9gico y de alto impacto econ\u00f3mico.\",\"breadcrumb\":{\"@id\":\"https:\/\/nexoracapital.com.co\/?page_id=16#breadcrumb\"},\"inLanguage\":\"es-CO\",\"potentialAction\":[{\"@type\":\"ReadAction\",\"target\":[\"https:\/\/nexoracapital.com.co\/?page_id=16\"]}]},{\"@type\":\"BreadcrumbList\",\"@id\":\"https:\/\/nexoracapital.com.co\/?page_id=16#breadcrumb\",\"itemListElement\":[{\"@type\":\"ListItem\",\"position\":1,\"name\":\"Inicio\",\"item\":\"https:\/\/nexoracapital.com.co\/\"},{\"@type\":\"ListItem\",\"position\":2,\"name\":\"QUIENES SOMOS\"}]},{\"@type\":\"WebSite\",\"@id\":\"https:\/\/nexoracapital.com.co\/#website\",\"url\":\"https:\/\/nexoracapital.com.co\/\",\"name\":\"Nexora Capital\",\"description\":\"\",\"publisher\":{\"@id\":\"https:\/\/nexoracapital.com.co\/#organization\"},\"potentialAction\":[{\"@type\":\"SearchAction\",\"target\":{\"@type\":\"EntryPoint\",\"urlTemplate\":\"https:\/\/nexoracapital.com.co\/?s={search_term_string}\"},\"query-input\":{\"@type\":\"PropertyValueSpecification\",\"valueRequired\":true,\"valueName\":\"search_term_string\"}}],\"inLanguage\":\"es-CO\"},{\"@type\":\"Organization\",\"@id\":\"https:\/\/nexoracapital.com.co\/#organization\",\"name\":\"Nexora Capital\",\"url\":\"https:\/\/nexoracapital.com.co\/\",\"logo\":{\"@type\":\"ImageObject\",\"inLanguage\":\"es-CO\",\"@id\":\"https:\/\/nexoracapital.com.co\/#\/schema\/logo\/image\/\",\"url\":\"https:\/\/nexoracapital.com.co\/wp-content\/uploads\/2025\/11\/NexoraCapital-07.png\",\"contentUrl\":\"https:\/\/nexoracapital.com.co\/wp-content\/uploads\/2025\/11\/NexoraCapital-07.png\",\"width\":2227,\"height\":1472,\"caption\":\"Nexora Capital\"},\"image\":{\"@id\":\"https:\/\/nexoracapital.com.co\/#\/schema\/logo\/image\/\"}}]}<\/script>\n<!-- \/ Yoast SEO plugin. -->","yoast_head_json":{"title":"QUIENES SOMOS - Nexora Capital","description":"Descubre c\u00f3mo gestionamos proyectos en el sector de hidrocarburos con un enfoque estrat\u00e9gico y de alto impacto econ\u00f3mico.","robots":{"index":"index","follow":"follow","max-snippet":"max-snippet:-1","max-image-preview":"max-image-preview:large","max-video-preview":"max-video-preview:-1"},"canonical":"https:\/\/nexoracapital.com.co\/?page_id=16","og_locale":"es_ES","og_type":"article","og_title":"QUIENES SOMOS - Nexora Capital","og_description":"Descubre c\u00f3mo gestionamos proyectos en el sector de hidrocarburos con un enfoque estrat\u00e9gico y de alto impacto econ\u00f3mico.","og_url":"https:\/\/nexoracapital.com.co\/?page_id=16","og_site_name":"Nexora Capital","article_modified_time":"2026-02-09T17:06:58+00:00","twitter_card":"summary_large_image","twitter_misc":{"Tiempo de lectura":"1 minuto"},"schema":{"@context":"https:\/\/schema.org","@graph":[{"@type":"WebPage","@id":"https:\/\/nexoracapital.com.co\/?page_id=16","url":"https:\/\/nexoracapital.com.co\/?page_id=16","name":"QUIENES SOMOS - Nexora Capital","isPartOf":{"@id":"https:\/\/nexoracapital.com.co\/#website"},"datePublished":"2025-11-18T20:04:59+00:00","dateModified":"2026-02-09T17:06:58+00:00","description":"Descubre c\u00f3mo gestionamos proyectos en el sector de hidrocarburos con un enfoque estrat\u00e9gico y de alto impacto econ\u00f3mico.","breadcrumb":{"@id":"https:\/\/nexoracapital.com.co\/?page_id=16#breadcrumb"},"inLanguage":"es-CO","potentialAction":[{"@type":"ReadAction","target":["https:\/\/nexoracapital.com.co\/?page_id=16"]}]},{"@type":"BreadcrumbList","@id":"https:\/\/nexoracapital.com.co\/?page_id=16#breadcrumb","itemListElement":[{"@type":"ListItem","position":1,"name":"Inicio","item":"https:\/\/nexoracapital.com.co\/"},{"@type":"ListItem","position":2,"name":"QUIENES SOMOS"}]},{"@type":"WebSite","@id":"https:\/\/nexoracapital.com.co\/#website","url":"https:\/\/nexoracapital.com.co\/","name":"Nexora Capital","description":"","publisher":{"@id":"https:\/\/nexoracapital.com.co\/#organization"},"potentialAction":[{"@type":"SearchAction","target":{"@type":"EntryPoint","urlTemplate":"https:\/\/nexoracapital.com.co\/?s={search_term_string}"},"query-input":{"@type":"PropertyValueSpecification","valueRequired":true,"valueName":"search_term_string"}}],"inLanguage":"es-CO"},{"@type":"Organization","@id":"https:\/\/nexoracapital.com.co\/#organization","name":"Nexora Capital","url":"https:\/\/nexoracapital.com.co\/","logo":{"@type":"ImageObject","inLanguage":"es-CO","@id":"https:\/\/nexoracapital.com.co\/#\/schema\/logo\/image\/","url":"https:\/\/nexoracapital.com.co\/wp-content\/uploads\/2025\/11\/NexoraCapital-07.png","contentUrl":"https:\/\/nexoracapital.com.co\/wp-content\/uploads\/2025\/11\/NexoraCapital-07.png","width":2227,"height":1472,"caption":"Nexora Capital"},"image":{"@id":"https:\/\/nexoracapital.com.co\/#\/schema\/logo\/image\/"}}]}},"_links":{"self":[{"href":"https:\/\/nexoracapital.com.co\/index.php?rest_route=\/wp\/v2\/pages\/16","targetHints":{"allow":["GET"]}}],"collection":[{"href":"https:\/\/nexoracapital.com.co\/index.php?rest_route=\/wp\/v2\/pages"}],"about":[{"href":"https:\/\/nexoracapital.com.co\/index.php?rest_route=\/wp\/v2\/types\/page"}],"author":[{"embeddable":true,"href":"https:\/\/nexoracapital.com.co\/index.php?rest_route=\/wp\/v2\/users\/1"}],"replies":[{"embeddable":true,"href":"https:\/\/nexoracapital.com.co\/index.php?rest_route=%2Fwp%2Fv2%2Fcomments&post=16"}],"version-history":[{"count":7,"href":"https:\/\/nexoracapital.com.co\/index.php?rest_route=\/wp\/v2\/pages\/16\/revisions"}],"predecessor-version":[{"id":123,"href":"https:\/\/nexoracapital.com.co\/index.php?rest_route=\/wp\/v2\/pages\/16\/revisions\/123"}],"wp:attachment":[{"href":"https:\/\/nexoracapital.com.co\/index.php?rest_route=%2Fwp%2Fv2%2Fmedia&parent=16"}],"curies":[{"name":"wp","href":"https:\/\/api.w.org\/{rel}","templated":true}]}}